what is -12 - -32013?
32001
In base 13, what is 2 - -814?
816
In base 6, what is -2 - 1152?
-1154
In base 11, what is 50 + 11?
61
In base 4, what is -3022 + -10?
-3032
In base 13, what is 3 + 476?
479
In base 14, what is 21b7 - 3?
21b4
In base 2, what is 1100011100001 + -1?
1100011100000
In base 9, what is -32 - 13?
-45
In base 8, what is -1 + 1554?
1553
In base 4, what is 2 + -1000?
-332
In base 11, what is -38 - 4?
-41
In base 6, what is 304211 - 4?
304203
In base 2, what is -101 + -11?
-1000
In base 9, what is 4 - -6265?
6270
In base 3, what is 20012 + 0?
20012
In base 13, what is -21a - -8?
-212
In base 3, what is 11 - 2022022?
-2022011
In base 4, what is 2 + 131032?
131100
In base 9, what is -4 - -112?
107
In base 4, what is -10 - 31211?
-31221
In base 5, what is -13 - -2214?
2201
In base 5, what is -22413 + -3?
-22421
In base 11, what is 1282 - -4?
1286
In base 7, what is 204 - 416?
-212
In base 7, what is -2 - 1652?
-1654
In base 15, what is 21 + 4?
25
In base 3, what is -1021000 + -10?
-1021010
In base 5, what is -11 + -301?
-312
In base 13, what is 3 + -442?
-43c
In base 9, what is -1656 + -6?
-1663
In base 7, what is 2 + 3046?
3051
In base 3, what is 1012010 + -2?
1012001
In base 10, what is -1 + -122?
-123
In base 15, what is 476 - -4?
47a
In base 13, what is c + -164?
-155
In base 15, what is -67 - -2?
-65
In base 11, what is 2 - 105?
-103
In base 10, what is 1869 + 4?
1873
In base 16, what is -5 + -172?
-177
In base 16, what is f - -1ca?
1d9
In base 15, what is -24 + -1a?
-3e
In base 9, what is 227 - -51?
278
In base 3, what is 121021 - 1?
121020
In base 4, what is 23 + -1?
22
In base 9, what is -166 - -1?
-165
In base 10, what is 1 - -2629?
2630
In base 11, what is -5 + -331?
-336
In base 9, what is 17 - 85?
-67
In base 15, what is -2e - -5?
-29
In base 5, what is 132 - -420?
1102
In base 2, what is -11001 - 11?
-11100
In base 8, what is -722 - 1?
-723
In base 15, what is 2 - 0?
2
In base 8, what is -3 - 21?
-24
In base 10, what is -17 + -5?
-22
In base 7, what is 0 - 654?
-654
In base 11, what is -4058 + 4?
-4054
In base 5, what is -13434 + -4?
-13443
In base 10, what is 252 + 12?
264
In base 2, what is 10011100110 + -11?
10011100011
In base 16, what is -683 + 3?
-680
In base 7, what is 0 + -123?
-123
In base 15, what is -c - 7?
-14
In base 12, what is 1414 + 15?
1429
In base 14, what is 2 + 0?
2
In base 6, what is -222 + 53?
-125
In base 10, what is -127 + 46?
-81
In base 5, what is 1 - 1420?
-1414
In base 6, what is -3 + -14041?
-14044
In base 15, what is 3 - -8b?
8e
In base 8, what is -2 - 12?
-14
In base 12, what is -147 + 8?
-13b
In base 10, what is -5209 + -1?
-5210
In base 3, what is 2 - -1101?
1110
In base 2, what is -11 - -11100001?
11011110
In base 9, what is -42 - -53?
11
In base 12, what is 2911 - -1?
2912
In base 12, what is -196 + -2?
-198
In base 14, what is -3 + 2a?
27
In base 3, what is -1011001 - 1?
-1011002
In base 11, what is 2 - -173?
175
In base 4, what is 31 + 1112?
1203
In base 2, what is -10011 + -10111?
-101010
In base 16, what is -2 - -6?
4
In base 11, what is -400a + -1?
-4010
In base 8, what is -1412 - 1?
-1413
In base 16, what is -4 + -2?
-6
In base 7, what is 3 - -34315?
34321
In base 2, what is -10000101011010 - 1?
-10000101011011
In base 15, what is 0 - -15?
15
In base 15, what is 4 + 15b?
160
In base 3, what is 10 + -1111022?
-1111012
In base 15, what is a5 + -1?
a4
In base 9, what is -66 + -8?
-75
In base 10, what is -3 + -378?
-381
In base 6, what is 12 + 31?
43
In base 5, what is -34 + 110?
21
In base 4, what is 230 + -10?
220
In base 5, what is -1 + -3001?
-3002
In base 7, what is 0 - 16426?
-16426
In base 7, what is 16 + -42?
-23
In base 5, what is -114 + 224?
110
In base 3, what is 1 - -111011?
111012
In base 10, what is 4 - -238?
242
In base 6, what is 5 + -55?
-50
In base 13, what is -3 + -134?
-137
In base 15, what is 7 - 4c?
-45
In base 7, what is 15 + 10?
25
In base 12, what is -10 + -a9?
-b9
In base 2, what is -101 - -10001010111?
10001010010
In base 2, what is 110 + -1001001?
-1000011
In base 14, what is 7 + 56?
5d
In base 4, what is 3 - -121211?
121220
In base 8, what is 3735 - -2?
3737
In base 13, what is -2 - -7c?
7a
In base 12, what is -2 - 1273?
-1275
In base 14, what is -1b - d?
-2a
In base 10, what is -1835 - 1?
-1836
In base 12, what is 2 - -13a?
140
In base 2, what is -1001000100 - 11100?
-1001100000
In base 12, what is 5 - 72b?
-726
In base 7, what is -24 - -56?
32
In base 5, what is -140430 - -10?
-140420
In base 6, what is -5 + 11?
2
In base 6, what is -143 + 325?
142
In base 9, what is -1160 + 0?
-1160
In base 14, what is 16 + 4?
1a
In base 8, what is 4 - -423?
427
In base 9, what is -7 - -5?
-2
In base 13, what is b6 + 46?
12c
In base 11, what is -8 + -811?
-819
In base 9, what is -10730 + 0?
-10730
In base 8, what is -16562 - 5?
-16567
In base 7, what is -33 + 125?
62
In base 11, what is 2872 - -3?
2875
In base 7, what is 1 - -132?
133
In base 8, what is -5 - -7?
2
In base 9, what is -24 + 5?
-18
In base 3, what is -120 - -22?
-21
In base 15, what is 1 - -21?
22
In base 5, what is 2 - 101413?
-101411
In base 9, what is 50 + -31?
18
In base 2, what is 10110110 - -1001?
10111111
In base 9, what is -4 - -71?
66
In base 11, what is -907 - 2?
-909
In base 4, what is -22121 + 11?
-22110
In base 3, what is -2011002 + 12?
-2010220
In base 6, what is -24342 - 5?
-24351
In base 3, what is -2001102 - -2?
-2001100
In base 3, what is -11 - -2012?
2001
In base 8, what is -757 + 16?
-741
In base 8, what is -160 - 0?
-160
In base 3, what is -12 + -1?
-20
In base 2, what is 111010 - -100?
111110
In base 3, what is 1100 + -10111?
-2011
In base 6, what is -4312 + -45?
-4401
In base 5, what is -240 + 104?
-131
In base 16, what is 312 + 5?
317
In base 7, what is -1514 - -3?
-1511
In base 7, what is 4 - -6042?
6046
In base 8, what is -1024 + -1?
-1025
In base 11, what is 3 - -1726?
1729
In base 11, what is 4 + 36?
3a
In base 6, what is 5251 + 0?
5251
In base 9, what is 35 - -24?
60
In base 2, what is 111010100 - -101?
111011001
In base 8, what is -10 + -32?
-42
In base 16, what is 5 - -2?
7
In base 6, what is 0 - -413?
413
In base 13, what is -2 - 46?
-48
In base 8, what is -4 + -70?
-74
In base 4, what is 33212 - -3?
33221
In base 11, what is 227 - -2?
229
In base 2, what is -10 - 110011?
-110101
In base 14, what is -1 - 7?
-8
In base 16, what is -5c + -4e?
-aa
In base 7, what is 0 - 231?
-231
In base 14, what is 1 - 199?
-198
In base 15, what is 3 - 5e5?
-5e2
In base 11, what is -4 - -2aa8?
2aa4
In base 14, what is 0 + -3a?
-3a
In base 10, what is 23 - -222?
245
In base 9, what is 4 + 3267?
3272
In base 13, what is -4 - 405?
-409
In base 11, what is 7 + -6?
1
In base 2, what is -1011 - -100011001?
100001110
In base 15, what is -dba + -1?
-dbb
In base 4, what is -21 - -3312?
3231
In base 7, what is 202 - -3?
205
In base 11, what is 0 - 779?
-779
In base 13, what is -10 + -90?
-a0
In base 14, what is -1 - 205?
-206
In base 4, what is -3 - 302?
-311
In base 11, what is -8 + -58?
-65
In base 5, what is -20233 - 10?
-20243
In base 9, what is 12 + -22?
-10
In base 13, what is 5 - 3?
2
In base 2, what is -10000100 + -1100?
-10010000
In base 12, what is 226 + 21?
247
In base 6, what is 121 + 5?
130
In base 14, what is 33 - -7c?
b1
In base 11, what is -1 + 4560?
455a
In base 2, what is 11 + -1010101001101?
-1010101001010
In base 12, what is -9 - 204a?
-2057
In base 9, what is -588 + 6?
-582
In base 6, what is -1 + -3553?
-3554
In base 7, what is -10040 + -4?
-10044
In base 2, what is -1 - 101111001?
-101111010
In base 4, what is 311 - -111?
1022
In base 6, what is -1102 - -5?
-1053
In base 15, what is 2 - -1e7?
1e9
In base 8, what is 0 - -21?
21
In base 7, what is 2205 + -5?
2200
In base 13, what is 7 + 47?
51
In base 2, what is -11000101110 + -10?
-11000110000
In base 12, what is -3a8 - -3?
-3a5
In base 6, what is -3 - -3035?
3032
In base 10, what is -806 + 4?
-802
In base 6, what is 1 - -12533?
12534
In base 4, what is 11210 + 0?
11210
In base 6, what is -4253 - 3?
-4300
In base 3, what is -1112 - -1021?
-21
In base 7, what is 5060 + 4?
5064
In base 2, what is -11 - -1000001001?
1000000110
In base 6, what is -1551 + -20?
-2011
In base 15, what is b6 + 5?
bb
In base 8, what is -1 - -12?
11
